01)/12 a composite number?
True
Is (-2393181)/(-27)*(9 - -3)/4 a prime number?
False
Suppose 0 = 3*r - l - 361680 - 300073, 5*l + 220547 = r. Is r a composite number?
True
Let x be (175/6)/7 + (-15)/90. Suppose 913 = v - 2*h - h, x = -h. Is v a prime number?
False
Suppose -13*f = 17387 + 29933. Let l = 20931 + f. Is l composite?
False
Let r = -159387 + 412886. Is r a prime number?
False
Suppose -2*x - 216471 = -2*l + 163705, 0 = 3*l - 5*x - 570268. Is ((-6)/(-4))/(117/l) composite?
False
Let y = 35941 - 4484. Let r = y - 13750. Is r a prime number?
True
Let u(v) be the second derivative of v**4/12 + v**3/3 + 5*v**2 - 2*v. Let n be (-410)/(-25) - ((-34)/(-10) + -3). Is u(n) composite?
True
Suppose -164*w + 172*w = 1524056. Is w prime?
True
Suppose 0 = -4*m + 67 - 59. Suppose s = 3*v + 2806, -m*v = -4*s - 4*v + 11266. Is s a prime number?
False
Suppose 0 = 5*c + 5*x - 45, 5*c + 14*x - 41 = 10*x. Suppose -5*s = 5*a - 5450 - 580, -c*s - 3*a = -6020. Is s a composite number?
False
Suppose 4*b = -j + 62125, 2*b + 40 - 42 = 0. Is j a composite number?
True
Let h(b) = 108*b + 378 + 117*b - 151 + 158*b - 192. Is h(6) a composite number?
False
Let v(y) = 11795*y - 37. Let i be v(3). Let j = i - 24517. Is j a composite number?
False
Is (0 + -2)/(1085814/17374048 - 1/16) prime?
True
Let q be 144/90 - (-2 + 16/10). Suppose q*x = -513 + 4151. Is x composite?
True
Let t be (-4 + 0 - (-8 + 3)) + 3. Is ((-12)/(-8))/(t - 1257726/314436) a prime number?
True
Suppose -25*r + 3*r - 74316 = 0. Is ((-34)/(-51))/((20/r)/(-5)) prime?
True
Let l(a) be the first derivative of 75*a**2 + 91*a + 9. Is l(26) composite?
True
Let u(v) = 816*v**2 + 51*v + 167. Is u(-14) composite?
False
Let a = -545 - -19864. Is a prime?
True
Suppose 204*w - 15539711 = 25537525. Is w prime?
True
Let i(v) = v**2 - v - 7. Let k be i(9). Let l = k + -61. Suppose -l*f + 4788 = -2048. Is f prime?
True
Suppose -5*p + 322 = 4*g, -2*g - p + 170 = -3*p. Suppose 79 = -9*r - g. Is (r - -488) + (-3)/(-1) a prime number?
False
Let y(g) = -15577*g + 3153. Is y(-8) a composite number?
True
Is (14/98)/((-10)/(-3881990)) composite?
False
Let l be (-10)/(120/18)*(-4 - 0). Let j be -487 + ((-12)/(-9))/(l/(-9)). Let b = j - -1742. Is b a composite number?
True
Is (-57686)/((-14)/161*(17 - 16)) composite?
True
Suppose 239 = 6*l + 23. Is (-55065)/(-9) + 24/l prime?
False
Let n be 57 - 32 - 1*4. Let b = n - -16. Is b composite?
False
Let a be (-2)/(-12) + (-284488)/(-48). Suppose 3*h + 2*g - a = 0, 5*h = 3*h + g + 3942. Is h composite?
False
Let r(m) = m + 556. Let h be r(-44). Suppose -72 = -2*x + 194. Let s = h - x. Is s composite?
False
Let c = 1787812 + -500873. Is c prime?
True
Let a(t) = -5*t - 12. Let o = 45 + -55. Let i be o/(-5) + -3 - 4. Is a(i) composite?
False
Let n(q) = -74*q**3 + 10*q**2 + 123*q + 1298. Is n(-11) prime?
False
Suppose 0 = 42*m - 3977343 - 1960995. Is m prime?
False
Let n(f) = 1077*f**2 - 93*f + 807. Is n(12) a composite number?
True
Let m be 0 + (-1 - 3) - -11. Suppose 0 = v - 2*i - 6, 3*v - 5*i - 26 + m = 0. Suppose 11187 = c + v*c. Is c a prime number?
False
Let j be (10/(-20))/(2/(-36)) + -2. Let i(v) = -v**3 + 6*v**2 - v - 3. Let y be i(j). Let s = 141 + y. Is s a composite number?
True
Let u be (-2088)/32*(-242 + 2/(-1)). Suppose -5*s + 3*b = -u, b = -4*s + 5*b + 12740. Is s a composite number?
True
Let d(a) = -16*a**2 - 3*a**2 + a**3 + 20*a + 30*a**2 - 13*a**2 - 6*a**2 + 8. Let s = 23 + -8. Is d(s) a composite number?
True
Let s(k) = 102*k - 310. Let h be s(-30). Let n = h + 6693. Is n prime?
True
Let q(k) = k**2 - 5*k - 15. Suppose -8 = -11*l + 9*l. Suppose 74 + l = 6*g. Is q(g) composite?
False
Let s(d) = 434*d - 15. Suppose -2*m = 2*w, 3*w = 6*m - 3*m - 24. Suppose -q + m*q = -3*g + 9, 0 = -5*q - 4*g + 16. Is s(q) a composite number?
False
Let u(s) = 359*s - 2633. Is u(114) composite?
True
Let j(a) = a**2 - 18*a + 2. Let v be j(18). Let u(f) = -9*f - 12 + 15 - v. Is u(-14) a prime number?
True
Let m be (-8)/36 - 87899/(-63). Suppose 2*p - 2498 = -4*s, 3*s - m = -2*p + 1103. Is p a composite number?
False
Is ((-11)/44*20)/(5/(-33871)) composite?
False
Let r = 20 - 17. Suppose -17 = -4*w - d + 832, -r*d = -5*w + 1040. Suppose f - w = -o, 4*f = -2*o + 336 + 80. Is o composite?
True
Suppose 4*p + 2063264 + 996553 = 23*p. Is p a composite number?
True
Let u be -15*(9592/(-6))/2 - -2. Let g = u - 8241. Let m = -1994 + g. Is m a prime number?
False
Is 5016/48 + (4 - 0) + (-1)/(-2) prime?
True
Let y(o) = 50*o**2 - 14*o - 28. Let f be y(-14). Is (-3)/(-2)*f/84 composite?
True
Suppose 2*w + 6 = z, 2*z + 8 = -4*w + 6*z. Let r be (9/(-6))/(w/8088) + 0. Let h = r + -1996. Is h prime?
False
Suppose 61*l - 189596 = 17*l. Is l a prime number?
False
Suppose 18*o - 39 = 33. Suppose 2*x - 5*t = -20, -x + 4*t = -8 + 24. Suppose 534 = o*k + 2*g - 4878, x = 5*k - g - 6779. Is k a composite number?
True
Let f be ((5 - 0) + 2)/1. Suppose 5*j + 24 = 5*n + f*j, -10 = -5*j. Suppose n*d + 4608 = 4*u, -2*u + 0*u + 4*d = -2306. Is u a composite number?
False
Suppose -2*n + 3 = p, 5*p = -5*n + 4 + 11. Suppose z = -4*r - 0*r + 8950, 3*r + p*z - 6717 = 0. Is r a prime number?
True
Is 9/21 + 10432836/63 composite?
False
Suppose 2*m = 7*m + u + 48, 0 = 4*m - 5*u + 21. Is (0 + -28202)/(m - (-8 + 1)) a composite number?
True
Suppose 2617620 = -23*w + 27*w - 4*p, 5*w + p - 3271977 = 0. Is w prime?
True
Let a(j) = 48910*j + 981. Is a(2) a prime number?
True
Suppose 2*a - 2*j - 17 = 3*j, -13 = -a + 4*j. Is (-207 + 206)/(2/(-14502)*a) a composite number?
True
Suppose 9*a = 39*a - 12*a - 3770748. Is a a composite number?
True
Suppose 3*x - v - 92368 = 40131, -3*x = 3*v - 132507. Is x a composite number?
True
Let a(d) = 7*d**3 - 5*d**2 - d - 476. Let g(t) = -15*t**3 + 11*t**2 + 2*t + 953. Let z(v) = 13*a(v) + 6*g(v). Let m be z(0). Let k = 435 - m. Is k composite?
True
Suppose 0 = -6*u - 882 + 996. Suppose -5*k = -u*m + 15*m + 807, 207 = m + 4*k. Is m composite?
True
Suppose -4*b - 2416 = -4*n + 2*n, 2*n + 4*b - 2456 = 0. Suppose -46*k + n = -40*k. Is k composite?
True
Let y be 3 + (1 - -1)/2. Suppose 3*q = 5*u - 31 + 28, 0 = -u - 3*q + 15. Is 202 - u - (2 + -10)/y a prime number?
False
Let i be (0 - 0) + 9/3. Let w = 100 - 98. Suppose -165 = -i*y + 2*a + a, w*y - 110 = a. Is y a composite number?
True
Let y(t) = 8*t - 31. Let f be y(-16). Let d = -3 + f. Let x = 376 + d. Is x composite?
True
Suppose -4*a - 53919 + 148804 = l, 5*l - 2*a - 474447 = 0. Is l composite?
False
Suppose -3*a + p + 204987 = 0, 170722 - 512367 = -5*a + 2*p. Is a prime?
True
Let x be (-4)/(-8) - 18/(-4). Suppose -782 = -j - x*v + 421, -20 = 5*v. Is j composite?
False
Suppose -284*z + 176795 = -279*z. Is z composite?
True
Let b(v) = -v**3 + 10*v**2 - 15*v + 8. Let n be b(8). Let g(p) = 82*p + 69. Is g(n) prime?
True
Suppose -10*w + 16830 = -257240. Let l = w + -15454. Is l composite?
False
Let u(f) = -f**2 - f + 11. Let y be u(0). Suppose -h - 15430 = -y*h. Is h a prime number?
True
Let l = -59 - -1070. Let v = -712 + l. Is v a composite number?
True
Suppose 0 = -4*p - 2*a - 106, 3*p - 4*a + 9 = -43. Let u = -20 - p. Is u + -2 + (-15316)/(-4) a composite number?
True
Suppose -21*c + 50691539 - 16734442 = 88*c. Is c a prime number?
True
Let p = -97 + 99. Suppose 2*i - 134 = 3*n, -n - 2*n = 5*i - 335. Suppose p*x = -4, 3*m - x - i = 4*x. Is m a composite number?
False
Let c be ((-1)/(-3))/((-1)/51900*-4). Suppose 8*r + c = 13*r. Is r a prime number?
False
Let k(z) = z**2 + z + 2. Let t be k(0). Suppose 2*o + 2*a - 2 = 0, 0*a = t*o + a - 5. Suppose -17*q = -o*q - 4615. Is q a prime number?
False
Suppose 118*b = 18*b + 2239100. Is b prime?
True
Let y be 2/5*25*1. Let h(a) be the second derivative of 7*a**4/4 - 13*a**3/6 - 9*a**2/2 + 2202*a. Is h(y) prime?
False
Is (0 + -2)/(32/(-12769456)) a prime number?
False
Is 8849370/5*1/6 composite?
False
Suppose -c = -4*d + 7, 5*c - 19 = d + 3. Suppose 5*f - 79 = -54. Suppose -4*n = f*b - 2*b - 1930, 2*n = -c*b + 972. Is n composite?
True
Suppose -371*g + 374*g = w - 169841, w - 169883 = -4*g. Is w prime?
True
Let b = -226791 - -331793. Is b a prime number?
False
Suppose 0 = 6*n - 20 + 2. Suppose -4*a + 5991 = n*w - 4486, -5*a = 4*w - 13096. Suppose -10*g = -6*g - a. Is g a composite number?
True
Let z be 